{"id":65,"date":"2021-07-21T18:54:55","date_gmt":"2021-07-21T18:54:55","guid":{"rendered":"https:\/\/www.roblenegrocr.com\/?page_id=65"},"modified":"2021-07-21T20:14:33","modified_gmt":"2021-07-21T20:14:33","slug":"cafe-roble-negro","status":"publish","type":"page","link":"https:\/\/www.roblenegrocr.com\/?page_id=65","title":{"rendered":"Caf\u00e9 Roble Negro"},"content":{"rendered":"\n<h2 class=\"wp-block-heading\"><strong>Caf\u00e9 Roble Negro<\/strong><\/h2>\n\n\n\n<p>El caf\u00e9 Roble Negro es sembrado en la Finca Cedral Alto ubicada en la zona de Tarraz\u00fa, en una franja donde se logra producir un caf\u00e9 caracterizado por poseer aromas frutales y chocolatosos. La maduraci\u00f3n del caf\u00e9 es en pleno verano (meses de enero, febrero y marzo), lo cual ayuda a mejorar el sabor, ya que la cereza madura m\u00e1s despacio con respecto a zonas m\u00e1s bajas, resultado de eso es que se tiene un grado \u00f3ptimo de aromas, acidez y otra serie de factores que incrementan la calidad del caf\u00e9 cultivado.<\/p>\n\n\n\n<div style=\"height:100px\" aria-hidden=\"true\" class=\"wp-block-spacer\"><\/div>\n","protected":false},"excerpt":{"rendered":"<p>Caf\u00e9 Roble Negro El caf\u00e9 Roble Negro es sembrado en la Finca Cedral Alto ubicada en la zona de Tarraz\u00fa, en una franja donde se logra producir un caf\u00e9 caracterizado &#8230;<\/p>\n","protected":false},"author":1,"featured_media":0,"parent":0,"menu_order":0,"comment_status":"closed","ping_status":"closed","template":"","meta":{"nf_dc_page":"","om_disable_all_campaigns":false,"WB4WB4WP_MODE":"","WB4WP_PAGE_SCRIPTS":"","WB4WP_PAGE_STYLES":"","WB4WP_PAGE_FONTS":"","WB4WP_PAGE_HEADER":"","WB4WP_PAGE_FOOTER":"","_monsterinsights_skip_tracking":false,"_monsterinsights_sitenote_active":false,"_monsterinsights_sitenote_note":"","_monsterinsights_sitenote_category":0,"footnotes":""},"class_list":["post-65","page","type-page","status-publish","hentry"],"aioseo_notices":[],"jetpack_sharing_enabled":true,"_links":{"self":[{"href":"https:\/\/www.roblenegrocr.com\/index.php?rest_route=\/wp\/v2\/pages\/65","targetHints":{"allow":["GET"]}}],"collection":[{"href":"https:\/\/www.roblenegrocr.com\/index.php?rest_route=\/wp\/v2\/pages"}],"about":[{"href":"https:\/\/www.roblenegrocr.com\/index.php?rest_route=\/wp\/v2\/types\/page"}],"author":[{"embeddable":true,"href":"https:\/\/www.roblenegrocr.com\/index.php?rest_route=\/wp\/v2\/users\/1"}],"replies":[{"embeddable":true,"href":"https:\/\/www.roblenegrocr.com\/index.php?rest_route=%2Fwp%2Fv2%2Fcomments&post=65"}],"version-history":[{"count":2,"href":"https:\/\/www.roblenegrocr.com\/index.php?rest_route=\/wp\/v2\/pages\/65\/revisions"}],"predecessor-version":[{"id":123,"href":"https:\/\/www.roblenegrocr.com\/index.php?rest_route=\/wp\/v2\/pages\/65\/revisions\/123"}],"wp:attachment":[{"href":"https:\/\/www.roblenegrocr.com\/index.php?rest_route=%2Fwp%2Fv2%2Fmedia&parent=65"}],"curies":[{"name":"wp","href":"https:\/\/api.w.org\/{rel}","templated":true}]}}