{"id":14,"date":"2021-07-21T18:44:39","date_gmt":"2021-07-21T18:44:39","guid":{"rendered":"https:\/\/www.roblenegrocr.com\/?page_id=14"},"modified":"2021-07-21T19:52:00","modified_gmt":"2021-07-21T19:52:00","slug":"equipo-roble-negro","status":"publish","type":"page","link":"https:\/\/www.roblenegrocr.com\/?page_id=14","title":{"rendered":"Equipo Roble Negro"},"content":{"rendered":"\n<h2 class=\"wp-block-heading\"><strong>Equipo Roble Negro<\/strong><\/h2>\n\n\n\n<div style=\"height:100px\" aria-hidden=\"true\" class=\"wp-block-spacer\"><\/div>\n\n\n\n<div class=\"wp-block-media-text alignwide is-stacked-on-mobile\"><figure class=\"wp-block-media-text__media\"><\/figure><div class=\"wp-block-media-text__content\">\n<p class=\"has-large-font-size\"><strong>Jorge V\u00e1squez Ure\u00f1a \u2013 Fundador y CEO de Roble Negro<\/strong><\/p>\n\n\n\n<p>Jorge es licenciado en contadur\u00eda p\u00fablica y trabaj\u00f3 en el Banco Nacional de Costa Rica durante 21 a\u00f1os, en los que se desempe\u00f1\u00f3 en diferentes puestos hasta llegar a convertirse en gerente de diversas sucursales (ejerci\u00f3 este puesto por m\u00e1s de 11 a\u00f1os).<\/p>\n\n\n\n<p>Luego de su paso por la entidad bancaria, decide convertirse en empresario al fundar la Compa\u00f1\u00eda de Reciclaje Ecol\u00f3gico JMCR, S.A. y al lograr comprar la finca Cedral Alto al se\u00f1or Don Fernando Monge, reconocido agricultor de la zona. Esta compra es de gran relevancia para Jorge pues estuvo inmerso en el mundo del caf\u00e9 desde los 6 a\u00f1os ya que naci\u00f3 en una familia de tradici\u00f3n campesina.<\/p>\n\n\n\n<p>Al adquirir dicha propiedad el principal objetivo fue (y continuar\u00e1 siendo) el cuidar de los bosques y nacientes de agua que posee la finca, as\u00ed como comenzar los procesos para desarrollarla como una finca agroecol\u00f3gica aprovechando las bondades de la tierra para ciertos cultivos tales como el caf\u00e9 de especialidad.<\/p>\n\n\n\n<p>Actualmente la finca es catalogada con el premio de Bandera Azul Ecol\u00f3gica, lo que resalta el trabajo que ha venido desarrollando Jorge desde el momento de su adquisici\u00f3n.<\/p>\n\n\n\n<p>Adem\u00e1s de ser el productor y CEO de Roble Negro, Jorge tiene una empresa dedicada al reciclaje de materias primas para la industria local. Este negocio surgi\u00f3 por su preocupaci\u00f3n sobre temas ambientales tales como la degradaci\u00f3n del medio ambiente y la contaminaci\u00f3n existente en Costa Rica.<\/p>\n\n\n\n<p>Cabe destacar que esta empresa ha ido creciendo a lo largo de los a\u00f1os y al d\u00eda de hoy es una pyme que cuenta con 14 colaboradores directos y llega a generar alrededor de 20 puestos de trabajo indirectos. Al a\u00f1o la recicladora procesa unas 2000 toneladas de materiales en los que destacan el cart\u00f3n, papel, pl\u00e1sticos, tarimas de madera, recipientes met\u00e1licos, de aluminio, de tetra pack entre otros, donde una parte de los recursos generados se utilizan para el cuido y mantenimiento de la finca.<\/p>\n<\/div><\/div>\n\n\n\n<div style=\"height:100px\" aria-hidden=\"true\" class=\"wp-block-spacer\"><\/div>\n\n\n\n<div class=\"wp-block-media-text alignwide is-stacked-on-mobile\"><figure class=\"wp-block-media-text__media\"><\/figure><div class=\"wp-block-media-text__content\">\n<p class=\"has-large-font-size\"><strong>Daniela Vega V\u00e1squez \u2013 Cofundadora y Directora de Estrategia y Finanzas<\/strong><\/p>\n\n\n\n<p>Daniela es licenciada en administraci\u00f3n de empresas con \u00e9nfasis en finanzas, graduada del Tecnol\u00f3gico de Costa Rica. Trabaja para la empresa Citi Shared Services donde se desempe\u00f1a como Analista Senior de Planeaci\u00f3n Financiera para diferentes negocios que maneja la empresa.<\/p>\n\n\n\n<p>A pesar de tener gran conocimiento con respecto al manejo de las finanzas y la estrategia empresarial, Daniela tiene una gran pasi\u00f3n en temas relacionados con la conservaci\u00f3n del medio ambiente y la correcta utilizaci\u00f3n de los recursos naturales para producir productos, por lo que en los \u00faltimos a\u00f1os se ha dedicado a estudiar Econom\u00eda Circular para poder implementar pr\u00e1cticas circulares en la producci\u00f3n de caf\u00e9.<\/p>\n\n\n\n<p>Actualmente es la directora de la estrategia comercial, del manejo de las finanzas y de la log\u00edstica de Roble Negro.<\/p>\n<\/div><\/div>\n\n\n\n<div style=\"height:100px\" aria-hidden=\"true\" class=\"wp-block-spacer\"><\/div>\n\n\n\n<div class=\"wp-block-media-text alignwide is-stacked-on-mobile\"><figure class=\"wp-block-media-text__media\"><\/figure><div class=\"wp-block-media-text__content\">\n<p class=\"has-large-font-size\"><strong>Alexander Vega V\u00e1squez \u2013 Cofundador y Director de Control de Calidad<\/strong><\/p>\n\n\n\n<p>Alexander es ingeniero en construcci\u00f3n graduado del Tecnol\u00f3gico de Costa Rica y posee una maestr\u00eda en Estructuras y Construcci\u00f3n de la Universitat Polit\u00e9cnica de Catalunya. Actualmente es empresario dedicado al dise\u00f1o de estructuras de edificaci\u00f3n y puentes, especialmente met\u00e1licas.<\/p>\n\n\n\n<p>En Roble Negro trabaja como el director de control de calidad, donde se encarga de velar por la calidad de la producci\u00f3n, ya que es el maestro catador y de tueste.<\/p>\n<\/div><\/div>\n\n\n\n<div style=\"height:100px\" aria-hidden=\"true\" class=\"wp-block-spacer\"><\/div>\n\n\n\n<div class=\"wp-block-media-text alignwide is-stacked-on-mobile\"><figure class=\"wp-block-media-text__media\"><\/figure><div class=\"wp-block-media-text__content\">\n<p class=\"has-large-font-size\"><strong>Delvin S\u00e1nchez Aguilar, Miguel S\u00e1nchez Aguilar y Randall Fallas Mora \u2013 Colaboradores de la finca<\/strong><\/p>\n\n\n\n<p>Delvin y Miguel son colaboradores de la finca Cedral Alto desde hace m\u00e1s de 5 a\u00f1os. Su trabajo es clave pues son los encargados del mantenimiento y preparaci\u00f3n del terreno para la siembra de caf\u00e9, as\u00ed como el mantenimiento de cercas y del \u00e1rea de hortalizas, siembra de \u00e1rboles y cuido de animales.<\/p>\n\n\n\n<p>Durante la \u00e9poca de cosecha ayudan en la recolecci\u00f3n del grano y en el proceso de beneficiado, tanto en el secado, como en el chancado.<\/p>\n\n\n\n<p>Randall es colaborador de la finca desde hace 3 a\u00f1os. Su trabajo es enfocado en construcci\u00f3n, mantenimiento de m\u00e1quinas y otras labores t\u00e9cnicas. Tambi\u00e9n ayuda en el proceso de beneficiado.<\/p>\n<\/div><\/div>\n\n\n\n<div style=\"height:100px\" aria-hidden=\"true\" class=\"wp-block-spacer\"><\/div>\n\n\n\n<p><\/p>\n\n\n\n<div class=\"wp-block-media-text alignwide is-stacked-on-mobile\"><figure class=\"wp-block-media-text__media\"><\/figure><div class=\"wp-block-media-text__content\">\n<p class=\"has-large-font-size\"><strong>Cogedores de caf\u00e9<\/strong><\/p>\n\n\n\n<p>En la \u00e9poca de cosecha se le da trabajo a m\u00e1s personas que, a trav\u00e9s de la recolecci\u00f3n del grano, llevan sustento a sus familiares y a la vez logran hacer un ahorro para los siguientes meses.<\/p>\n\n\n\n<p>A estos colaboradores se les paga todas las prestaciones sociales exigidas por ley y se les da condiciones de vivienda digna durante los meses de trabajo. Adem\u00e1s, se les paga hasta un 50% m\u00e1s por fanega para que sean cuidadosos al recolectar el grano y no da\u00f1en la planta para las futuras cosechas.<\/p>\n\n\n\n<p>Gracias a su gran desempe\u00f1o es que logramos obtener excelentes resultados en la etapa de pre-beneficiado<\/p>\n<\/div><\/div>\n\n\n\n<div style=\"height:100px\" aria-hidden=\"true\" class=\"wp-block-spacer\"><\/div>\n","protected":false},"excerpt":{"rendered":"<p>Equipo Roble Negro Jorge V\u00e1squez Ure\u00f1a \u2013 Fundador y CEO de Roble Negro Jorge es licenciado en contadur\u00eda p\u00fablica y trabaj\u00f3 en el Banco Nacional de Costa Rica durante 21 &#8230;<\/p>\n","protected":false},"author":1,"featured_media":0,"parent":0,"menu_order":0,"comment_status":"closed","ping_status":"closed","template":"","meta":{"nf_dc_page":"","om_disable_all_campaigns":false,"WB4WB4WP_MODE":"","WB4WP_PAGE_SCRIPTS":"","WB4WP_PAGE_STYLES":"","WB4WP_PAGE_FONTS":"","WB4WP_PAGE_HEADER":"","WB4WP_PAGE_FOOTER":"","_monsterinsights_skip_tracking":false,"_monsterinsights_sitenote_active":false,"_monsterinsights_sitenote_note":"","_monsterinsights_sitenote_category":0,"footnotes":""},"class_list":["post-14","page","type-page","status-publish","hentry"],"aioseo_notices":[],"jetpack_sharing_enabled":true,"_links":{"self":[{"href":"https:\/\/www.roblenegrocr.com\/index.php?rest_route=\/wp\/v2\/pages\/14","targetHints":{"allow":["GET"]}}],"collection":[{"href":"https:\/\/www.roblenegrocr.com\/index.php?rest_route=\/wp\/v2\/pages"}],"about":[{"href":"https:\/\/www.roblenegrocr.com\/index.php?rest_route=\/wp\/v2\/types\/page"}],"author":[{"embeddable":true,"href":"https:\/\/www.roblenegrocr.com\/index.php?rest_route=\/wp\/v2\/users\/1"}],"replies":[{"embeddable":true,"href":"https:\/\/www.roblenegrocr.com\/index.php?rest_route=%2Fwp%2Fv2%2Fcomments&post=14"}],"version-history":[{"count":2,"href":"https:\/\/www.roblenegrocr.com\/index.php?rest_route=\/wp\/v2\/pages\/14\/revisions"}],"predecessor-version":[{"id":109,"href":"https:\/\/www.roblenegrocr.com\/index.php?rest_route=\/wp\/v2\/pages\/14\/revisions\/109"}],"wp:attachment":[{"href":"https:\/\/www.roblenegrocr.com\/index.php?rest_route=%2Fwp%2Fv2%2Fmedia&parent=14"}],"curies":[{"name":"wp","href":"https:\/\/api.w.org\/{rel}","templated":true}]}}